{"id":1214,"date":"2019-08-19T11:26:27","date_gmt":"2019-08-19T11:26:27","guid":{"rendered":"http:\/\/www.christianevogel.de\/?page_id=1214"},"modified":"2025-12-21T13:56:17","modified_gmt":"2025-12-21T13:56:17","slug":"portrait-marionetten","status":"publish","type":"page","link":"http:\/\/www.christianevogel.de\/?page_id=1214","title":{"rendered":"Portrait-Marionetten"},"content":{"rendered":"\n<h1 class=\"wp-block-heading\"><\/h1>\n\n\n\n<p>werden nach Foto modelliert und die Bekleidung individuell gen\u00e4ht. Passendes Beiwerk, wie Taschen oder Dinge die die Figur in der Hand halten soll, werden nach Ihren W\u00fcnschen aufw\u00e4ndig &nbsp;nachgearbeitet.<\/p>\n\n\n\n<p><\/p>\n\n\n\n<h1 class=\"wp-block-heading\"><\/h1>\n\n\n\n<figure class=\"wp-block-gallery has-nested-images columns-default is-cropped wp-block-gallery-1 is-layout-flex wp-block-gallery-is-layout-flex\">\n<figure class=\"wp-block-image size-large\"><img loading=\"lazy\" decoding=\"async\" width=\"480\" height=\"640\" data-id=\"220\" src=\"http:\/\/www.christianevogel.de\/wp-content\/uploads\/2011\/06\/k-IMG_0009_011.jpg\" alt=\"\" class=\"wp-image-220\" srcset=\"http:\/\/www.christianevogel.de\/wp-content\/uploads\/2011\/06\/k-IMG_0009_011.jpg 480w, http:\/\/www.christianevogel.de\/wp-content\/uploads\/2011\/06\/k-IMG_0009_011-225x300.jpg 225w\" sizes=\"auto, (max-width: 480px) 100vw, 480px\" \/><\/figure>\n<\/figure>\n\n\n\n<h2 class=\"wp-block-heading\">Ehemaliger Pr\u00e4sident der KG Denklingen<\/h2>\n\n\n\n<figure class=\"wp-block-image size-large\"><a href=\"http:\/\/www.christianevogel.de\/wp-content\/uploads\/2024\/09\/IMG_7850-scaled.jpg\"><img loading=\"lazy\" decoding=\"async\" width=\"683\" height=\"1024\" src=\"http:\/\/www.christianevogel.de\/wp-content\/uploads\/2024\/09\/IMG_7850-683x1024.jpg\" alt=\"\" class=\"wp-image-1456\" srcset=\"http:\/\/www.christianevogel.de\/wp-content\/uploads\/2024\/09\/IMG_7850-683x1024.jpg 683w, http:\/\/www.christianevogel.de\/wp-content\/uploads\/2024\/09\/IMG_7850-200x300.jpg 200w, http:\/\/www.christianevogel.de\/wp-content\/uploads\/2024\/09\/IMG_7850-768x1152.jpg 768w, http:\/\/www.christianevogel.de\/wp-content\/uploads\/2024\/09\/IMG_7850-1024x1536.jpg 1024w, http:\/\/www.christianevogel.de\/wp-content\/uploads\/2024\/09\/IMG_7850-1365x2048.jpg 1365w, http:\/\/www.christianevogel.de\/wp-content\/uploads\/2024\/09\/IMG_7850-scaled.jpg 1707w\" sizes=\"auto, (max-width: 683px) 100vw, 683px\" \/><\/a><\/figure>\n\n\n\n<h2 class=\"wp-block-heading\"><strong>Prinz Markus der I. aus dem Hause Held  2023\/24<\/strong><\/h2>\n\n\n\n\n\n<h1 class=\"wp-block-heading\">Prinz Philip der I. aus dem Hause Zimmermann 2021\/22\/23<\/h1>\n\n\n\n<h3 class=\"wp-block-heading\">Dreimol &#8220; Mueschbech Dehem&#8220;<\/h3>\n\n\n\n<figure class=\"wp-block-image size-large\"><a href=\"http:\/\/www.christianevogel.de\/wp-content\/uploads\/2023\/07\/IMG_7603-scaled.jpg\"><img loading=\"lazy\" decoding=\"async\" width=\"1448\" height=\"2175\" src=\"http:\/\/www.christianevogel.de\/wp-content\/uploads\/2023\/08\/IMG_7603-edited.jpg\" alt=\"\" class=\"wp-image-1436\" srcset=\"http:\/\/www.christianevogel.de\/wp-content\/uploads\/2023\/08\/IMG_7603-edited.jpg 1448w, http:\/\/www.christianevogel.de\/wp-content\/uploads\/2023\/08\/IMG_7603-edited-200x300.jpg 200w, http:\/\/www.christianevogel.de\/wp-content\/uploads\/2023\/08\/IMG_7603-edited-682x1024.jpg 682w, http:\/\/www.christianevogel.de\/wp-content\/uploads\/2023\/08\/IMG_7603-edited-768x1154.jpg 768w, http:\/\/www.christianevogel.de\/wp-content\/uploads\/2023\/08\/IMG_7603-edited-1023x1536.jpg 1023w, http:\/\/www.christianevogel.de\/wp-content\/uploads\/2023\/08\/IMG_7603-edited-1363x2048.jpg 1363w\" sizes=\"auto, (max-width: 1448px) 100vw, 1448px\" \/><\/a><\/figure>\n\n\n\n<p><\/p>\n\n\n\n<h3 class=\"wp-block-heading\"><a href=\"http:\/\/www.christianevogel.de\/wp-content\/uploads\/2011\/06\/k-IMG_0009_011.jpg\"><\/a><\/h3>\n\n\n\n<p class=\"has-medium-font-size\">Dreigestirn der KG Denklingen  2019<\/p>\n\n\n\n<figure class=\"wp-block-image\"><img loading=\"lazy\" decoding=\"async\" width=\"683\" height=\"1024\" src=\"http:\/\/www.christianevogel.de\/wp-content\/uploads\/2019\/06\/IMG_6100-Kopie-683x1024.jpg\" alt=\"\" class=\"wp-image-1197\" srcset=\"http:\/\/www.christianevogel.de\/wp-content\/uploads\/2019\/06\/IMG_6100-Kopie-683x1024.jpg 683w, http:\/\/www.christianevogel.de\/wp-content\/uploads\/2019\/06\/IMG_6100-Kopie-200x300.jpg 200w, http:\/\/www.christianevogel.de\/wp-content\/uploads\/2019\/06\/IMG_6100-Kopie-768x1152.jpg 768w, http:\/\/www.christianevogel.de\/wp-content\/uploads\/2019\/06\/IMG_6100-Kopie.jpg 1280w\" sizes=\"auto, (max-width: 683px) 100vw, 683px\" \/><\/figure>\n\n\n\n<figure class=\"wp-block-gallery has-nested-images columns-default is-cropped wp-block-gallery-2 is-layout-flex wp-block-gallery-is-layout-flex\"><\/figure>\n\n\n\n<h2 class=\"wp-block-heading\">Prinz Frank III.<\/h2>\n\n\n\n<p>Dreimool &#8220; Mueschbech dehem&#8220;<\/p>\n\n\n\n<figure class=\"wp-block-image\"><img loading=\"lazy\" decoding=\"async\" width=\"1024\" height=\"682\" src=\"http:\/\/www.christianevogel.de\/wp-content\/uploads\/2011\/06\/IMG_3432-Kopie-1024x682.jpg\" alt=\"\" class=\"wp-image-1022\" srcset=\"http:\/\/www.christianevogel.de\/wp-content\/uploads\/2011\/06\/IMG_3432-Kopie-1024x682.jpg 1024w, http:\/\/www.christianevogel.de\/wp-content\/uploads\/2011\/06\/IMG_3432-Kopie-300x200.jpg 300w, http:\/\/www.christianevogel.de\/wp-content\/uploads\/2011\/06\/IMG_3432-Kopie-768x511.jpg 768w, http:\/\/www.christianevogel.de\/wp-content\/uploads\/2011\/06\/IMG_3432-Kopie.jpg 1622w\" sizes=\"auto, (max-width: 1024px) 100vw, 1024px\" \/><\/figure>\n\n\n\n<figure class=\"wp-block-image\"><img loading=\"lazy\" decoding=\"async\" width=\"538\" height=\"1024\" src=\"http:\/\/www.christianevogel.de\/wp-content\/uploads\/2011\/06\/IMG_3438-Kopie-538x1024.jpg\" alt=\"\" class=\"wp-image-1021\" srcset=\"http:\/\/www.christianevogel.de\/wp-content\/uploads\/2011\/06\/IMG_3438-Kopie-538x1024.jpg 538w, http:\/\/www.christianevogel.de\/wp-content\/uploads\/2011\/06\/IMG_3438-Kopie-158x300.jpg 158w, http:\/\/www.christianevogel.de\/wp-content\/uploads\/2011\/06\/IMG_3438-Kopie.jpg 562w\" sizes=\"auto, (max-width: 538px) 100vw, 538px\" \/><\/figure>\n\n\n\n<figure class=\"wp-block-image\"><img loading=\"lazy\" decoding=\"async\" width=\"640\" height=\"480\" src=\"http:\/\/www.christianevogel.de\/wp-content\/uploads\/2011\/06\/k-PrinzWaldbr\u00f6lNosbach_08.02.2011_Buchen21.jpg\" alt=\"\" class=\"wp-image-60\" srcset=\"http:\/\/www.christianevogel.de\/wp-content\/uploads\/2011\/06\/k-PrinzWaldbr\u00f6lNosbach_08.02.2011_Buchen21.jpg 640w, http:\/\/www.christianevogel.de\/wp-content\/uploads\/2011\/06\/k-PrinzWaldbr\u00f6lNosbach_08.02.2011_Buchen21-300x225.jpg 300w\" sizes=\"auto, (max-width: 640px) 100vw, 640px\" \/><\/figure>\n\n\n\n<figure class=\"wp-block-image\"><img loading=\"lazy\" decoding=\"async\" width=\"640\" height=\"480\" src=\"http:\/\/www.christianevogel.de\/wp-content\/uploads\/2011\/06\/k-DSC03787.jpg\" alt=\"\" class=\"wp-image-61\" srcset=\"http:\/\/www.christianevogel.de\/wp-content\/uploads\/2011\/06\/k-DSC03787.jpg 640w, http:\/\/www.christianevogel.de\/wp-content\/uploads\/2011\/06\/k-DSC03787-300x225.jpg 300w\" sizes=\"auto, (max-width: 640px) 100vw, 640px\" \/><\/figure>\n\n\n\n<figure class=\"wp-block-image\"><img loading=\"lazy\" decoding=\"async\" width=\"480\" height=\"640\" src=\"http:\/\/www.christianevogel.de\/wp-content\/uploads\/2011\/06\/k-Schaufenster-0131.jpg\" alt=\"\" class=\"wp-image-242\" srcset=\"http:\/\/www.christianevogel.de\/wp-content\/uploads\/2011\/06\/k-Schaufenster-0131.jpg 480w, http:\/\/www.christianevogel.de\/wp-content\/uploads\/2011\/06\/k-Schaufenster-0131-225x300.jpg 225w\" sizes=\"auto, (max-width: 480px) 100vw, 480px\" \/><\/figure>\n\n\n\n<h1 class=\"wp-block-heading\">PORTRAIT-FIGUREN<\/h1>\n\n\n\n<p>\u201c M\u00dcESCHBEJER M\u00c4\u00c4DCHEN UN JONGEN\u201c<\/p>\n\n\n\n<p>Alle zwei Jahre vergibt der Morsbacher Heimatverein den Ehrenpreis \u201eM\u00fceschbejer M\u00e4\u00e4dchen \u201c oder&nbsp;\u201eM\u00fceschbejer Jong\u201c an Menschen , die sich in der Gemeinde, um die Gemeinde verdient gemacht haben. Diese Figuren werden von mir nach Foto modellliert und die Bekleidung , sowie das Beiwerk &nbsp;aufw\u00e4ndig gearbeitet. Im Oktober 2017 bekam erstmals eine Gruppe den Preis. Die&nbsp; \u201eMueschbejer Jongen\u201c  <\/p>\n\n\n\n<h2 class=\"wp-block-heading\">Hier die bereits&nbsp;<strong>Ausgezeichneten :<\/strong><\/h2>\n\n\n\n<p><\/p>\n\n\n\n<p>2022 <strong>Volkmar Flath<\/strong><\/p>\n\n\n\n<figure class=\"wp-block-image size-large\"><a href=\"http:\/\/www.christianevogel.de\/wp-content\/uploads\/2022\/10\/IMG_7517.jpg\"><img loading=\"lazy\" decoding=\"async\" width=\"460\" height=\"1024\" src=\"http:\/\/www.christianevogel.de\/wp-content\/uploads\/2022\/10\/IMG_7517-460x1024.jpg\" alt=\"\" class=\"wp-image-1403\" srcset=\"http:\/\/www.christianevogel.de\/wp-content\/uploads\/2022\/10\/IMG_7517-460x1024.jpg 460w, http:\/\/www.christianevogel.de\/wp-content\/uploads\/2022\/10\/IMG_7517-135x300.jpg 135w, http:\/\/www.christianevogel.de\/wp-content\/uploads\/2022\/10\/IMG_7517-768x1710.jpg 768w, http:\/\/www.christianevogel.de\/wp-content\/uploads\/2022\/10\/IMG_7517-690x1536.jpg 690w, http:\/\/www.christianevogel.de\/wp-content\/uploads\/2022\/10\/IMG_7517.jpg 833w\" sizes=\"auto, (max-width: 460px) 100vw, 460px\" \/><\/a><\/figure>\n\n\n\n<p><\/p>\n\n\n\n<p>2019 <strong>Brigitte K\u00f6tting<\/strong><\/p>\n\n\n\n<figure class=\"wp-block-image size-large\"><img loading=\"lazy\" decoding=\"async\" width=\"683\" height=\"1024\" src=\"http:\/\/www.christianevogel.de\/wp-content\/uploads\/2020\/02\/IMG_6402-683x1024.jpg\" alt=\"\" class=\"wp-image-1262\" srcset=\"http:\/\/www.christianevogel.de\/wp-content\/uploads\/2020\/02\/IMG_6402-683x1024.jpg 683w, http:\/\/www.christianevogel.de\/wp-content\/uploads\/2020\/02\/IMG_6402-200x300.jpg 200w, http:\/\/www.christianevogel.de\/wp-content\/uploads\/2020\/02\/IMG_6402-768x1152.jpg 768w, http:\/\/www.christianevogel.de\/wp-content\/uploads\/2020\/02\/IMG_6402-1024x1536.jpg 1024w, http:\/\/www.christianevogel.de\/wp-content\/uploads\/2020\/02\/IMG_6402-1365x2048.jpg 1365w, http:\/\/www.christianevogel.de\/wp-content\/uploads\/2020\/02\/IMG_6402-scaled.jpg 1707w\" sizes=\"auto, (max-width: 683px) 100vw, 683px\" \/><\/figure>\n\n\n\n<p>2017   Mueschbejer Jongen, erstmals als Gruppe <\/p>\n\n\n\n<p>FKK&#8230;.Freier Karneval Kanal<\/p>\n\n\n\n<figure class=\"wp-block-image\"><img loading=\"lazy\" decoding=\"async\" width=\"778\" height=\"1024\" src=\"http:\/\/www.christianevogel.de\/wp-content\/uploads\/2019\/09\/IMG_5194-Kopie-778x1024.jpg\" alt=\"\" class=\"wp-image-1243\" srcset=\"http:\/\/www.christianevogel.de\/wp-content\/uploads\/2019\/09\/IMG_5194-Kopie-778x1024.jpg 778w, http:\/\/www.christianevogel.de\/wp-content\/uploads\/2019\/09\/IMG_5194-Kopie-228x300.jpg 228w, http:\/\/www.christianevogel.de\/wp-content\/uploads\/2019\/09\/IMG_5194-Kopie-768x1011.jpg 768w, http:\/\/www.christianevogel.de\/wp-content\/uploads\/2019\/09\/IMG_5194-Kopie.jpg 1458w\" sizes=\"auto, (max-width: 778px) 100vw, 778px\" \/><\/figure>\n\n\n\n<figure class=\"wp-block-image\"><img loading=\"lazy\" decoding=\"async\" width=\"683\" height=\"1024\" src=\"http:\/\/www.christianevogel.de\/wp-content\/uploads\/2019\/09\/IMG_5199-Kopie-683x1024.jpg\" alt=\"\" class=\"wp-image-1244\" srcset=\"http:\/\/www.christianevogel.de\/wp-content\/uploads\/2019\/09\/IMG_5199-Kopie-683x1024.jpg 683w, http:\/\/www.christianevogel.de\/wp-content\/uploads\/2019\/09\/IMG_5199-Kopie-200x300.jpg 200w, http:\/\/www.christianevogel.de\/wp-content\/uploads\/2019\/09\/IMG_5199-Kopie-768x1152.jpg 768w, http:\/\/www.christianevogel.de\/wp-content\/uploads\/2019\/09\/IMG_5199-Kopie.jpg 1280w\" sizes=\"auto, (max-width: 683px) 100vw, 683px\" \/><\/figure>\n\n\n<div class=\"wp-block-image\">\n<figure class=\"aligncenter\"><a href=\"http:\/\/www.christianevogel.de\/wp-content\/uploads\/2011\/06\/IMG_1785.jpg\"><img loading=\"lazy\" decoding=\"async\" width=\"720\" height=\"1080\" src=\"http:\/\/www.christianevogel.de\/wp-content\/uploads\/2011\/06\/IMG_1785.jpg\" alt=\"IMG_1785\" class=\"wp-image-766\" srcset=\"http:\/\/www.christianevogel.de\/wp-content\/uploads\/2011\/06\/IMG_1785.jpg 720w, http:\/\/www.christianevogel.de\/wp-content\/uploads\/2011\/06\/IMG_1785-200x300.jpg 200w, http:\/\/www.christianevogel.de\/wp-content\/uploads\/2011\/06\/IMG_1785-682x1024.jpg 682w\" sizes=\"auto, (max-width: 720px) 100vw, 720px\" \/><\/a><\/figure>\n<\/div>\n\n\n<h3 class=\"wp-block-heading\"><strong>2014 &nbsp; Klaus Jung<\/strong><\/h3>\n\n\n\n<h3 class=\"wp-block-heading\"><strong>2012&nbsp; Werner Puhl<\/strong><\/h3>\n\n\n<div class=\"wp-block-image\">\n<figure class=\"aligncenter\"><a href=\"http:\/\/www.christianevogel.de\/wp-content\/uploads\/2011\/06\/k-DSC058781.jpg\"><img loading=\"lazy\" decoding=\"async\" width=\"480\" height=\"640\" src=\"http:\/\/www.christianevogel.de\/wp-content\/uploads\/2011\/06\/k-DSC058781-e1361734977395.jpg\" alt=\"\" class=\"wp-image-394\" srcset=\"http:\/\/www.christianevogel.de\/wp-content\/uploads\/2011\/06\/k-DSC058781-e1361734977395.jpg 480w, http:\/\/www.christianevogel.de\/wp-content\/uploads\/2011\/06\/k-DSC058781-e1361734977395-225x300.jpg 225w\" sizes=\"auto, (max-width: 480px) 100vw, 480px\" \/><\/a><\/figure>\n<\/div>\n\n\n<h3 class=\"wp-block-heading\">2010 Uli Schnell<\/h3>\n\n\n<div class=\"wp-block-image\">\n<figure class=\"aligncenter\"><a href=\"http:\/\/www.christianevogel.de\/wp-content\/uploads\/2011\/06\/k-DSC02610.jpg\"><img loading=\"lazy\" decoding=\"async\" width=\"480\" height=\"640\" src=\"http:\/\/www.christianevogel.de\/wp-content\/uploads\/2011\/06\/k-DSC02610-e1346849792322.jpg\" alt=\"\" class=\"wp-image-380\" srcset=\"http:\/\/www.christianevogel.de\/wp-content\/uploads\/2011\/06\/k-DSC02610-e1346849792322.jpg 480w, http:\/\/www.christianevogel.de\/wp-content\/uploads\/2011\/06\/k-DSC02610-e1346849792322-225x300.jpg 225w\" sizes=\"auto, (max-width: 480px) 100vw, 480px\" \/><\/a><\/figure>\n<\/div>\n\n\n<h3 class=\"wp-block-heading\">2008&nbsp; Herbert Stausberg, genannt \u201eKnoorz\u201c<\/h3>\n\n\n\n<h2 class=\"wp-block-heading\"><a href=\"http:\/\/www.christianevogel.de\/wp-content\/uploads\/2011\/06\/k-DSC010161.jpg\"><\/a><\/h2>\n\n\n\n<h3 class=\"wp-block-heading\">2006 Monika Schneider<\/h3>\n\n\n<div class=\"wp-block-image\">\n<figure class=\"aligncenter\"><a href=\"http:\/\/www.christianevogel.de\/wp-content\/uploads\/2011\/06\/k-DSC05854.jpg\"><img loading=\"lazy\" decoding=\"async\" width=\"480\" height=\"640\" src=\"http:\/\/www.christianevogel.de\/wp-content\/uploads\/2011\/06\/k-DSC05854.jpg\" alt=\"\" class=\"wp-image-378\" srcset=\"http:\/\/www.christianevogel.de\/wp-content\/uploads\/2011\/06\/k-DSC05854.jpg 480w, http:\/\/www.christianevogel.de\/wp-content\/uploads\/2011\/06\/k-DSC05854-225x300.jpg 225w\" sizes=\"auto, (max-width: 480px) 100vw, 480px\" \/><\/a><\/figure>\n<\/div>\n\n\n<h3 class=\"wp-block-heading\">2004&nbsp; Christoph Buchen<\/h3>\n\n\n<div class=\"wp-block-image\">\n<figure class=\"aligncenter\"><a href=\"http:\/\/www.christianevogel.de\/wp-content\/uploads\/2011\/06\/k-DSC05852.jpg\"><img loading=\"lazy\" decoding=\"async\" width=\"480\" height=\"640\" src=\"http:\/\/www.christianevogel.de\/wp-content\/uploads\/2011\/06\/k-DSC05852.jpg\" alt=\"\" class=\"wp-image-377\" srcset=\"http:\/\/www.christianevogel.de\/wp-content\/uploads\/2011\/06\/k-DSC05852.jpg 480w, http:\/\/www.christianevogel.de\/wp-content\/uploads\/2011\/06\/k-DSC05852-225x300.jpg 225w\" sizes=\"auto, (max-width: 480px) 100vw, 480px\" \/><\/a><\/figure>\n<\/div>\n\n\n<h3 class=\"wp-block-heading\">2002&nbsp; Marlis Roth<\/h3>\n\n\n<div class=\"wp-block-image\">\n<figure class=\"aligncenter\"><a href=\"http:\/\/www.christianevogel.de\/wp-content\/uploads\/2011\/06\/k-DSC05856.jpg\"><img loading=\"lazy\" decoding=\"async\" width=\"480\" height=\"640\" src=\"http:\/\/www.christianevogel.de\/wp-content\/uploads\/2011\/06\/k-DSC05856.jpg\" alt=\"\" class=\"wp-image-376\" srcset=\"http:\/\/www.christianevogel.de\/wp-content\/uploads\/2011\/06\/k-DSC05856.jpg 480w, http:\/\/www.christianevogel.de\/wp-content\/uploads\/2011\/06\/k-DSC05856-225x300.jpg 225w\" sizes=\"auto, (max-width: 480px) 100vw, 480px\" \/><\/a><\/figure>\n<\/div>\n\n\n<p><\/p>\n\n\n\n<p><\/p>\n\n\n\n<p><\/p>\n\n\n\n<p><\/p>\n\n\n\n<p><\/p>\n\n\n\n<p><\/p>\n\n\n\n<p><\/p>\n\n\n\n<p><\/p>\n\n\n\n<p><\/p>\n\n\n\n<p><\/p>\n","protected":false},"excerpt":{"rendered":"<p>werden nach Foto modelliert und die Bekleidung individuell gen\u00e4ht. Passendes Beiwerk, wie Taschen oder Dinge die die Figur in der Hand halten soll, werden nach Ihren W\u00fcnschen aufw\u00e4ndig &nbsp;nachgearbeitet. Ehemaliger Pr\u00e4sident der KG Denklingen Prinz Markus der I. aus dem &hellip; <a href=\"http:\/\/www.christianevogel.de\/?page_id=1214\">Weiterlesen <span class=\"meta-nav\">&rarr;<\/span><\/a><\/p>\n","protected":false},"author":1,"featured_media":0,"parent":0,"menu_order":0,"comment_status":"closed","ping_status":"closed","template":"","meta":{"footnotes":""},"class_list":["post-1214","page","type-page","status-publish","hentry"],"_links":{"self":[{"href":"http:\/\/www.christianevogel.de\/index.php?rest_route=\/wp\/v2\/pages\/1214","targetHints":{"allow":["GET"]}}],"collection":[{"href":"http:\/\/www.christianevogel.de\/index.php?rest_route=\/wp\/v2\/pages"}],"about":[{"href":"http:\/\/www.christianevogel.de\/index.php?rest_route=\/wp\/v2\/types\/page"}],"author":[{"embeddable":true,"href":"http:\/\/www.christianevogel.de\/index.php?rest_route=\/wp\/v2\/users\/1"}],"replies":[{"embeddable":true,"href":"http:\/\/www.christianevogel.de\/index.php?rest_route=%2Fwp%2Fv2%2Fcomments&post=1214"}],"version-history":[{"count":21,"href":"http:\/\/www.christianevogel.de\/index.php?rest_route=\/wp\/v2\/pages\/1214\/revisions"}],"predecessor-version":[{"id":1471,"href":"http:\/\/www.christianevogel.de\/index.php?rest_route=\/wp\/v2\/pages\/1214\/revisions\/1471"}],"wp:attachment":[{"href":"http:\/\/www.christianevogel.de\/index.php?rest_route=%2Fwp%2Fv2%2Fmedia&parent=1214"}],"curies":[{"name":"wp","href":"https:\/\/api.w.org\/{rel}","templated":true}]}}